125?
False
Is 901 a factor of 5507555079?
False
Is 6144600 a multiple of 1320?
True
Is 42685393 a multiple of 5?
False
Is 306 a factor of 175604220?
True
Is 7169 a factor of 2609895957?
True
Does 1033 divide 277825033?
False
Is 1407207044 a multiple of 428?
False
Is 115011572 a multiple of 1119?
False
Is 21 a factor of 1327940019?
True
Does 84 divide 2897912?
False
Does 7758 divide 2075283725?
False
Does 364 divide 18251508?
False
Is 20313747 a multiple of 81?
True
Is 94277856 a multiple of 5?
False
Does 14 divide 2311057337?
False
Is 4 a factor of 612792636?
True
Does 2 divide 59629?
False
Is 126321386 a multiple of 259?
False
Does 5685 divide 5067604664?
False
Is 94323150 a multiple of 11?
False
Does 230 divide 12108591?
False
Is 924363936 a multiple of 288?
True
Is 11351201 a multiple of 34?
False
Is 5760409191 a multiple of 3523?
False
Is 2520 a factor of 254372812?
False
Is 1487038212 a multiple of 44?
True
Is 831330673 a multiple of 278?
False
Is 4 a factor of 9256530?
False
Is 42 a factor of 47667900?
True
Is 870 a factor of 3109699290?
True
Is 92456347 a multiple of 18?
False
Does 1106 divide 1153316892?
True
Is 431 a factor of 95023185?
False
Does 11 divide 154341?
True
Does 40 divide 450081930?
False
Is 447 a factor of 4774022?
False
Is 30 a factor of 313077678?
False
Is 11 a factor of 1281511?
True
Is 55700145 a multiple of 1195?
True
Is 2061 a factor of 98862048?
True
Does 16 divide 584127296?
True
Is 29459035 even?
False
Does 1384 divide 720533531?
False
Is 661182235 a multiple of 6861?
False
Is 95656004 a multiple of 852?
False
Does 28 divide 78279404?
True
Does 27 divide 209475423?
True
Is 7 a factor of 1231225786?
True
Is 108 a factor of 194262084?
True
Does 446 divide 2251474768?
False
Is 714696202 a multiple of 188?
False
Is 631 a factor of 108505611?
False
Is 23974048 a multiple of 14?
True
Is 695 a factor of 110242290?
True
Does 79 divide 277909098?
False
Is 16 a factor of 1984088592?
True
Does 5 divide 4993785?
True
Is 813166964 a multiple of 2551?
True
Does 1517 divide 6037660?
True
Does 12 divide 2684190592?
False
Is 25726202 a multiple of 86?
False
Is 11 a factor of 144940026?
True
Does 26 divide 179458357?
False
Is 3395 a factor of 2180408195?
True
Is 13161349 a multiple of 5?
False
Is 167 a factor of 1435498098?
False
Is 72772 a multiple of 92?
True
Is 53702063 a multiple of 410?
False
Is 48 a factor of 133846096?
False
Does 2806 divide 2947037978?
True
Does 398 divide 6080637632?
True
Is 11478 a factor of 1955611963?
False
Does 307 divide 374818882?
False
Does 7430 divide 2167499555?
False
Is 969 a factor of 525191217?
True
Is 19 a factor of 43575284?
True
Is 317 a factor of 153965949?
True
Is 76 a factor of 7094100300?
True
Is 7905120 a multiple of 172?
True
Is 4301381 a multiple of 63?
False
Does 2790 divide 46238670?
True
Is 3599784 a multiple of 68?
True
Does 769 divide 963195570?
True
Is 97484261 a multiple of 186?
False
Is 6005 a factor of 5231067566?
False
Is 76455410 a multiple of 83?
False
Is 299276573 a multiple of 4115?
False
Is 553 a factor of 110329030?
True
Does 1287 divide 269858160?
True
Is 385128 a multiple of 16?
False
Is 352 a factor of 150920030?
False
Is 666630297 a multiple of 442?
False
Does 2217 divide 111424258?
False
Does 27 divide 53599482?
True
Is 7200 a factor of 3248899200?
True
Does 5183 divide 1945252462?
True
Is 781339288 a multiple of 66?
False
Is 629 a factor of 138277964?
False
Does 72 divide 280195954?
False
Does 3040 divide 43268320?
True
Is 39644787 a multiple of 79?
False
Is 4944 a factor of 153259056?
True
Is 149 a factor of 90753367?
True
Is 761 a factor of 830629217?
True
Is 89 a factor of 3383430?
False
Is 72 a factor of 1490433099?
False
Is 3844 a factor of 198438812?
True
Does 1633 divide 144336660?
False
Does 110 divide 295991545?
False
Is 502152451 a multiple of 113?
True
Is 2 a factor of 71159191?
False
Is 945 a factor of 1731240?
True
Is 59232220 a multiple of 11?
False
Is 15436790 a multiple of 10?
True
Does 21 divide 141806842?
False
Is 574847662 a multiple of 83?
False
Does 12 divide 37909773?
False
Does 326 divide 15531292?
True
Is 3 a factor of 1684105377?
True
Is 2058 a factor of 16879564?
False
Is 710955 a multiple of 13?
False
Is 2044560756 a multiple of 563?
False
Is 22 a factor of 1645247422?
False
Is 655 a factor of 38959674?
False
Does 12 divide 1763653764?
True
Is 12202380 a multiple of 383?
True
Is 98664137 a multiple of 43?
False
Is 533 a factor of 62326384?
False
Is 2308625 a multiple of 253?
True
Is 26277441 a multiple of 785?
False
Is 80487847 a multiple of 33?
False
Does 12 divide 12955338?
False
Does 16 divide 8942784?
True
Does 692 divide 21119234?
False
Is 100 a factor of 281860600?
True
Does 397 divide 605180448?
True
Is 1578 a factor of 11681401?
False
Is 493927644 a multiple of 3840?
False
Does 16 divide 645753360?
True
Is 190356100 a multiple of 55?
True
Does 17 divide 4786571?
True
Is 8611617 a multiple of 2147?
True
Does 4904 divide 30375376?
True
Is 257312570 a multiple of 1490?
True
Is 14361150 a multiple of 5?
True
Is 2 a factor of 324161859?
False
Is 74 a factor of 420303003?
False
Is 4061495027 a multiple of 51?
False
Is 11968026 a multiple of 14?
True
Is 18349917 a multiple of 2029?
False
Is 55747900 a multiple of 1159?
True
Is 1683 a factor of 71576307?
True
Does 12 divide 215479417?
False
Is 187490409 a multiple of 6?
False
Is 16 a factor of 19257312?
True
Is 8 a factor of 41284732?
False
Does 22 divide 7073836?
True
Is 3 a factor of 34725052?
False
Does 212 divide 7345754?
False
Is 118 a factor of 1186715953?
False
Is 30267711 a multiple of 9?
True
Is 50 a factor of 192673500?
True
Is 280 a factor of 8379578?
False
Is 152127795 a multiple of 5163?
True
Does 40 divide 60303701?
False
Is 18780091 a multiple of 17?
False
Is 6372386 a multiple of 51?
False
Is 52232437 a multiple of 181?
True
Is 116226 a multiple of 22?
True
Is 12 a factor of 2601712044?
True
Is 101 a factor of 48890060?
True
Does 1441 divide 14659314?
False
Does 341 divide 22983565?
False
Is 16 a factor of 59435073?
False
Is 17 a factor of 654525721?
True
Is 22516767 a multiple of 61?
False
Does 858 divide 10235082?
True
Is 35 a factor of 34415251?
False
Is 520 a factor of 426858?
False
Does 148 divide 733028017?
False
Does 228 divide 98305848?
True
Does 57 divide 96695196?
False
Does 6 divide 396324930?
True
Is 43562398 a multiple of 32?
False
Is 67254388 a multiple of 17?
False
Is 1493 a factor of 195665115?
True
Is 24 a factor of 16228075?
False
Is 93653888 a multiple of 123?
False
Is 353 a factor of 962511333?
True
Is 4914653696 a multiple of 62?
True
Does 23 divide 153733173?
True
Is 399 a factor of 14792450?
False
Is 45808823 a multiple of 56?
False
Is 1058851983 a multiple of 101?
True
Is 11240146 a multiple of 14?
False
Does 70 divide 201320579?
False
Does 4 divide 72212100?
True
Is 662 a factor of 33626955?
False
Is 4982786732 a multiple of 1166?
True
Is 3333 a factor of 27748722?
False
Is 123 a factor of 197185923?
False
Is 174 a factor of 120490097?
False
Is 4015263 a multiple of 55?
False
Does 194 divide 8560482?
False
Is 20318871 a multiple of 5279?
True
Does 66 divide 1025715511?
False
Is 20 a factor of 1359322300?
True
Does 2409 divide 30382308?
True
Is 225242680 a multiple of 1924?
True
Is 11 a factor of 306631122?
False
Does 112 divide 238029792?
True
Is 1380579930 a multiple of 215?
True
Does 784 divide 173081328?
True
Does 31 divide 56396967?
True
Does 15 divide 1494671865?
True
Is 970288997 a multiple of 174?
False
Is 22860104 a multiple of 136?
True
Is 69198838 a multiple of 1184?
False
Is 5 a factor of 170738270?
True
Is 1825 a factor of 8094334?
False
Does 5144 divide 541642624?
True
Is 458806944 a multiple of 1104?
True
Is 56118763 a multiple of 711?
False
Is 92 a factor of 7942655982?
False
Is 31 a factor of 697692573?
False
Is 6 a factor of 204286604?
False
Is 3984812460 a multiple of 2572?
True
Is 33 a factor of 1457214330?
True
Is 3319420 a multiple of 170?
True
Is 11 a factor of 17866557?
False
Does 51 divide 380644950?
False
Does 81 divide 490920507?
True
Does 44 divide 90107292?
True
Is 22661510 a multiple of 18?
False
Is 342 a factor of 12158100?
True
Is 1984 a factor of 14022912?
True
Is 42947102 a multiple of 1959?
False
Does 4 di